10
Suppose -15 - 57 = -3*g. What is the greatest common divisor of g and 24?
24
Suppose -3*x = -5*s + 8*s - 51, 0 = 2*s - 3*x - 9. What is the highest common factor of 24 and s?
12
Suppose -3*f = -3*i - 48, 2*f + 2*i = -0*f + 36. Let p = 80 + -29. Suppose -3*g = -6*g + p. Calculate the greatest common factor of g and f.
17
Suppose f - 110 = -3*n, -3*f - 13*n = -9*n - 320. Calculate the highest common factor of f and 884.
52
Suppose 0*x - 3*a = -3*x + 102, -2*x + 3*a + 70 = 0. Let o = x - 29. Calculate the highest common factor of 21 and o.
3
Let g be (-6 + 2)*21/(-6). Let d = -80 + 115. What is the highest common divisor of g and d?
7
Let u = 282 + -184. Suppose -4*r + 124 = -4*y, -u = -3*r + y - 15. Calculate the greatest common factor of r and 91.
13
Let h = 1887 - 1883. What is the greatest common factor of h and 676?
4
Let w(o) = -5*o + 3. Let j be w(3). Let c = 5 - j. Suppose -22*k + 80 = -c*k. Calculate the highest common factor of k and 176.
16
Let k be 204/10*26/(936/300). Suppose -j + 6 = -62. What is the highest common factor of j and k?
34
Let k = -629 - -653. What is the highest common divisor of k and 6?
6
Let l = 63 + -16. Suppose l*n + 8 = 49*n. What is the highest common factor of 12 and n?
4
Suppose 0 = 23*x + 2*x - 2500. Calculate the greatest common divisor of 100 and x.
100
Let y = -16 + 21. Let f(p) = 2*p**2 + p - 1. Let t be f(4). What is the greatest common factor of t and y?
5
Let l = 36 + -3. Let b be ((-4)/16 - -3)/((-2)/(-192)). Calculate the highest common factor of b and l.
33
Let u be 14/(-77) + 138/33. Suppose 5*h = u*h + 22. What is the highest common factor of h and 176?
22
Let v be 5 - 9 - 40*20/(-8). What is the highest common divisor of v and 6?
6
Let l be (2 - -7)/(-1*1/(-5)). What is the highest common factor of l and 45?
45
Suppose 5*w = -0*w + 1100. Let p = 247 - 236. Calculate the highest common factor of p and w.
11
Let x = -41 + 145. Suppose -2*k = -5*y - 27, 3*k - 3*y - y = 58. Calculate the highest common factor of k and x.
26
Let r(v) = -3*v + 36. Let a be r(-13). Calculate the highest common divisor of a and 60.
15
Let j(l) = -21 - 8*l - 2*l - l**2 - 8*l - 26. Let f be j(-11). Calculate the greatest common divisor of 120 and f.
30
Suppose 0 = 128*l - 135*l + 1400. What is the greatest common factor of l and 50?
50
Suppose 0 = -10*b + 178 + 52. What is the highest common factor of 23 and b?
23
Suppose -239 + 644 = 15*m. Calculate the greatest common factor of m and 837.
27
Let q be (-20)/(-30) + (-68)/(-6) - 2. Let s(m) = 4*m - 6. Let x be s(9). What is the highest common divisor of q and x?
10
Suppose -5*z + 4*s - 2*s + 431 = 0, -5*z + 4*s + 427 = 0. What is the highest common divisor of z and 87?
87
Let m(y) = 3 - 5 - 8*y - 7*y - 1. Let t be m(-1). Suppose 2*k = -2*s + 120, -3*s + 5*k - 16 = -196. Calculate the greatest common factor of s and t.
12
Let w(i) = 3*i + 27. Let u(s) = 3*s + 28. Let y(p) = -5*u(p) + 4*w(p). Let x be y(-20). What is the greatest common factor of x and 7?
7
Let u(k) = 7*k + 85. Let r be u(10). Calculate the highest common divisor of r and 124.
31
Let h = -408 + 1059. Calculate the highest common factor of h and 21.
21
Let z = 107 - 107. Suppose -3*x = 4*p - 8, 0 = -z*x - x + 2*p + 6. Calculate the highest common factor of 16 and x.
4
Let t be (-6)/(8/4) + 1. Let d be (1*t)/(10/(-20)). Let m be (-216)/(-5) - d/(-5). What is the greatest common factor of 66 and m?
22
Let u be (-86973)/(-27) - 8 - (-2)/(-9). Calculate the greatest common divisor of u and 119.
119
Suppose -3*y - 5*k - 784 = -4986, 2*k = 5*y - 6962. Calculate the highest common factor of 41 and y.
41
Let r = -20 - -251. Calculate the greatest common factor of r and 99.
33
Let q(f) = -f**3 + 6*f**2 - f - 12. Let s(k) = 6*k - 22. Let t be s(5). Let u be (10/t)/(10/40). Let h be q(u). Calculate the highest common factor of 8 and h.
8
Let g(y) = -2*y - 30. Let i be 3/(-21)*152 - 4/14. Let d be g(i). What is the greatest common factor of 2 and d?
2
Let v(r) = 5*r**2 - 7*r - 9. Let z be v(5). Calculate the greatest common factor of 432 and z.
27
Let b = 1 + 32. Let d = b - 30. What is the highest common divisor of 1 and d?
1
Let u be (-15)/5 - (-5 + 0). Suppose u*s - 5*w + 17 = -2*s, 5*w = s + 23. Let b be 70/8 - s/(-8). What is the highest common divisor of b and 99?
9
Let j be 1872/(-2184) + 82/14 + 0. What is the greatest common divisor of j and 605?
5
Let y be (5/10)/((-4)/8). Let x be 2/6*(33 + 1 + y). Calculate the greatest common divisor of 110 and x.
11
Let w = -6 + 20. Suppose 3*h + 5 = w. Calculate the greatest common factor of h and 6.
3
Suppose 4*b = -3*z + 143, 3*b + 39 = 2*z - z. Let u = z - 9. Calculate the highest common factor of 4 and u.
4
Let o(w) = -w**3 + 11*w**2 - 5*w - 44. Let s be o(10). Calculate the highest common factor of 192 and s.
6
Let g be 1/(-3)*2 + (-4736)/(-48). Let b = g + -78. What is the greatest common divisor of 10 and b?
10
Suppose 2*s + 2 = 0, -s + 3 = 2*h + 4*s. Let l = h + 0. What is the greatest common factor of l and 44?
4
Let u(o) = -19*o - 13. Let k be u(-14). Calculate the highest common factor of k and 23.
23
Let i(b) = b**2 - 2. Let d be i(-2). Suppose -d*o - 2*o = -236. Let z = -5 + o. Calculate the greatest common divisor of z and 18.
18
Suppose -3*x = 3*y - 234, -2*x + 0*x + 5*y = -135. Suppose 2*j - 5 = x. What is the highest common factor of j and 5?
5
Suppose -20*v + 16*v + 5*s + 124 = 0, -2*s - 172 = -5*v. What is the highest common factor of v and 84?
12
Suppose 5*r + 3*u = -79, 3*r + 21 = 2*r + 2*u. Let s = -4 - r. What is the greatest common factor of 104 and s?
13
Let l = 104 + -71. Let h(t) = -t**3 - 7*t**2 - 7*t. Let p be h(-6). Let j be 2/(p/45) + -4. What is the highest common divisor of l and j?
11
Let d be (-12)/(-66) - 1365/(-55). Calculate the greatest common factor of d and 475.
25
Suppose 5*c + 43 - 34 = n, -5*c + 25 = 0. Calculate the greatest common divisor of n and 731.
17
Suppose -123*t = -0*t - 492. What is the highest common factor of 316 and t?
4
Let s be (6 - 1)/(1/4). Let b be -5 - 66/(-14) - 1484/(-49). Calculate the greatest common divisor of s and b.
10
Let j be (65/(-1))/((-5)/2). Calculate the greatest common divisor of j and 52.
26
Suppose -5*g - 2*d = -4, 0 = -5*g - 5*d - 0*d - 5. Let k = 49 - 47. What is the greatest common divisor of k and g?
2
Suppose 3*p - 27 - 12 = 0. Let j be (5*2)/(11/(-22)). Let s = 33 + j. What is the greatest common divisor of p and s?
13
Let s = 54 + 33. Let u = s + 8. Calculate the greatest common factor of u and 38.
19
Let a = 50 - 20. Suppose 106*i + 3*g = 107*i + 3, 3*i - 2*g - 12 = 0. What is the greatest common divisor of i and a?
6
Suppose 21*a - 144 = 12*a. Let q(r) = 13*r - 4. Let u be q(4). What is the greatest common divisor of a and u?
16
Let d = -4 - -8. Let t(g) = g. Let z be t(2). Suppose 0*s + 30 = z*q - 2*s, 2*q - 65 = -5*s. Calculate the greatest common factor of d and q.
4
Let p be 680/2 + (-484)/44. Calculate the highest common factor of p and 14.
7
Let a be (26/(-39))/((-4)/6). Let c(w) = 1. Let x(d) = 7*d + 42. Let s(p) = -42*c(p) + x(p). Let y be s(1). What is the greatest common divisor of y and a?
1
Let b(r) = 4*r + 6. Let o(w) = -w**3 - 4*w**2 + 3*w - 4. Let a be o(-5). Let c be b(a). Calculate the greatest common divisor of 12 and c.
6
Let r = 155 - 52. Suppose 10*m - r = 287. Suppose 0 = -3*w + 34 + 44. Calculate the highest common factor of w and m.
13
Let u(a) = a + 7. Let f be u(-10). Let j = f + 8. What is the highest common divisor of j and 5?
5
Let y be (0/(-2))/((-6)/2). Suppose -3*v + 2*v + f + 26 = y, 0 = -3*v - 5*f + 38. Let p be (-24)/(-1)*v/28. Calculate the highest common divisor of 45 and p.
9
Suppose -55 = x - 530. What is the greatest common divisor of 38 and x?
19
Let r be (-8)/(-3)*((-14)/4 - 1). Let q be (12/(-10))/((-1)/(-5)). Let c be (-148)/r - q/9. What is the highest common factor of c and 117?
13
Let f(c) = -7*c + 550. Let y be f(-18). What is the greatest common factor of 156 and y?
52
Let o(u) = -u**3 - 17*u**2 + u + 27. Suppose 4*l + 4 = 0, -2*x + l - 7 = 26. Let p be o(x). What is the highest common divisor of 90 and p?
10
Suppose y = 2*h - 4, h - 2*y + 3*y - 5 = 0. Suppose -h = -4*p + 5. What is the greatest common factor of p and 4?
2
Let